{"id":11,"date":"2012-12-03T17:21:02","date_gmt":"2012-12-03T17:21:02","guid":{"rendered":"http:\/\/folhadosudeste.com\/site\/?page_id=11"},"modified":"2013-02-04T18:55:54","modified_gmt":"2013-02-04T18:55:54","slug":"publicidade","status":"publish","type":"page","link":"http:\/\/folhadosudeste.com\/site\/?page_id=11","title":{"rendered":"Anuncie conosco"},"content":{"rendered":"<p style=\"text-align: center;\"><strong>JORNAL IMPRESSO<\/strong><\/p>\n<p><strong>Periodicidade:<\/strong> semanal (toda sexta-feira)<\/p>\n<p style=\"text-align: center;\"><span style=\"text-decoration: underline;\"><strong>Espa\u00e7os dispon\u00edveis:<\/strong><\/span><\/p>\n<p>p\u00e1gina inteira cor ou PB = 52 cm x 29 cm<\/p>\n<p>1\/2 p\u00e1gina cor ou PB = 25,5 cm x 29 cm<\/p>\n<p>1\/4 p\u00e1gina cor ou PB (em p\u00e9) =25,5 cm x 14,5 cm<\/p>\n<p>1\/4 p\u00e1gina cor ou PB (deitado) = 12,7 cm x 29 cm<\/p>\n<p>1\/8 p\u00e1gina cor ou PB = 12,7 cm x 14,5 cm<\/p>\n<p>1 rodap\u00e9 cor ou PB = 5,5 cm x 29 cm<\/p>\n<p>1\/2 rodap\u00e9 cor ou PB = 5,5 cm x 14,5 cm<\/p>\n<p>cart\u00e3o de visita = 5,5 cm x 9,7 cm<\/p>\n<p>&nbsp;<\/p>\n<p style=\"text-align: center;\"><span style=\"text-decoration: underline;\"><strong>SITE<\/strong><\/span><\/p>\n<p>an\u00fancio coluna lateral direita tamanho 300 x 100<\/p>\n<p>an\u00fancio rodap\u00e9 rotativo tamanho 970 x 200<\/p>\n<p>&nbsp;<\/p>\n<p><strong>CONTATO: L\u00daCIA HELENA (32 3722-9697 \/ 32 8861-5182)<\/strong><\/p>\n<p><strong>folhadosudeste@gmail.com<\/strong><\/p>\n","protected":false},"excerpt":{"rendered":"<p>JORNAL IMPRESSO Periodicidade: semanal (toda sexta-feira) Espa\u00e7os dispon\u00edveis: p\u00e1gina inteira cor ou PB = 52 cm x 29 cm 1\/2 p\u00e1gina cor ou PB = 25,5 cm x 29 cm 1\/4 p\u00e1gina cor ou PB (em p\u00e9) =25,5 cm x 14,5 cm 1\/4 p\u00e1gina cor ou PB (deitado) = 12,7 cm x 29 cm 1\/8 [&hellip;]<\/p>\n","protected":false},"author":1,"featured_media":0,"parent":0,"menu_order":0,"comment_status":"open","ping_status":"open","template":"","meta":{"_joinchat":[],"footnotes":""},"class_list":["post-11","page","type-page","status-publish","hentry"],"_links":{"self":[{"href":"http:\/\/folhadosudeste.com\/site\/index.php?rest_route=\/wp\/v2\/pages\/11","targetHints":{"allow":["GET"]}}],"collection":[{"href":"http:\/\/folhadosudeste.com\/site\/index.php?rest_route=\/wp\/v2\/pages"}],"about":[{"href":"http:\/\/folhadosudeste.com\/site\/index.php?rest_route=\/wp\/v2\/types\/page"}],"author":[{"embeddable":true,"href":"http:\/\/folhadosudeste.com\/site\/index.php?rest_route=\/wp\/v2\/users\/1"}],"replies":[{"embeddable":true,"href":"http:\/\/folhadosudeste.com\/site\/index.php?rest_route=%2Fwp%2Fv2%2Fcomments&post=11"}],"version-history":[{"count":5,"href":"http:\/\/folhadosudeste.com\/site\/index.php?rest_route=\/wp\/v2\/pages\/11\/revisions"}],"predecessor-version":[{"id":287,"href":"http:\/\/folhadosudeste.com\/site\/index.php?rest_route=\/wp\/v2\/pages\/11\/revisions\/287"}],"wp:attachment":[{"href":"http:\/\/folhadosudeste.com\/site\/index.php?rest_route=%2Fwp%2Fv2%2Fmedia&parent=11"}],"curies":[{"name":"wp","href":"https:\/\/api.w.org\/{rel}","templated":true}]}}